{"id":18,"date":"2025-10-10T10:18:46","date_gmt":"2025-10-10T10:18:46","guid":{"rendered":"https:\/\/love-simply.com\/?page_id=18"},"modified":"2026-02-21T11:14:49","modified_gmt":"2026-02-21T10:14:49","slug":"accueil","status":"publish","type":"page","link":"https:\/\/love-simply.com\/","title":{"rendered":"Accueil"},"content":{"rendered":"<style>\n\/* Section images + textes *\/\n.services-row {\n  display: flex;\n  flex-wrap: wrap;\n  justify-content: center;\n  gap: 1.5rem;\n  padding: 0 var(--wp--preset--spacing--40);\n}\n.service-item {\n  flex: 1 1 200px;\n  max-width: 25%;\n  display: flex;\n  flex-direction: column;\n  align-items: center;\n  text-align: center;\n}\n.service-item figure {\n  margin: 0;\n  width: 100%;\n}\n.service-item img {\n  width: 100%;\n  height: auto;\n  display: block;\n  object-fit: cover;\n}\n.service-item p {\n  margin: 0.5rem 0 0;\n}\n\/* Tablette : 2 par ligne *\/\n@media (max-width: 768px) {\n  .service-item {\n    max-width: 45%;\n  }\n}\n\/* Mobile : 1 par ligne *\/\n@media (max-width: 480px) {\n  .service-item {\n    max-width: 100%;\n    flex-basis: 100%;\n  }\n}\n<\/style>\n\n\n<div class=\"wp-block-group alignfull has-custom-fond-d-faut-background-color has-background has-global-padding is-layout-constrained wp-container-core-group-is-layout-4fb826bc wp-block-group-is-layout-constrained\" style=\"padding-top:var(--wp--preset--spacing--30);padding-right:0;padding-bottom:var(--wp--preset--spacing--30);padding-left:0\">\n<div class=\"wp-block-group is-content-justification-center is-nowrap is-layout-flex wp-container-core-group-is-layout-ba61e9b7 wp-block-group-is-layout-flex\" style=\"padding-right:var(--wp--preset--spacing--40);padding-left:var(--wp--preset--spacing--40)\">\n<p class=\"has-text-color has-link-color has-louis-george-cafe-font-family has-large-font-size wp-elements-c5ace5117daa35de61f60aac2c38fb07\" style=\"color:#82534f\"><em>&#8220;Je serai ravie de vous accompagner dans la cr\u00e9ation, l&#8217;organisation et la d\u00e9coration de votre \u00e9v\u00e9nement qu&#8217;il s&#8217;agisse d&#8217;un mariage, un \u00e9v\u00e9nement familial ou professionnel, une inauguration ou un team building.&#8221;<\/em><\/p>\n<\/div>\n\n\n\n<div class=\"services-row\">\n\n  <div class=\"service-item\">\n    <figure class=\"wp-block-image size-full\">\n      <img decoding=\"async\" src=\"https:\/\/love-simply.com\/wp-content\/uploads\/2026\/02\/Capture-decran-2026-01-24-a-17.31.30.png\" alt=\"\" \/>\n    <\/figure>\n    <p class=\"has-custom-fond-2-color has-text-color has-link-color\">Donner vie \u00e0 vos envies<\/p>\n  <\/div>\n\n  <div class=\"service-item\">\n    <figure class=\"wp-block-image size-full\">\n      <img decoding=\"async\" src=\"https:\/\/love-simply.com\/wp-content\/uploads\/2026\/02\/Capture-decran-2026-01-24-a-17.31.44.png\" alt=\"\" \/>\n    <\/figure>\n    <p class=\"has-custom-fond-2-color has-text-color has-link-color\">Gain de temps et d&#8217;\u00e9nergie<\/p>\n  <\/div>\n\n  <div class=\"service-item\">\n    <figure class=\"wp-block-image size-full\">\n      <img decoding=\"async\" src=\"https:\/\/love-simply.com\/wp-content\/uploads\/2026\/02\/Capture-decran-2026-01-24-a-17.31.50.png\" alt=\"\" \/>\n    <\/figure>\n    <p class=\"has-custom-fond-2-color has-text-color has-link-color\">Cr\u00e9ation d&#8217;une sc\u00e9nographie<\/p>\n  <\/div>\n\n  <div class=\"service-item\">\n    <figure class=\"wp-block-image size-full\">\n      <img decoding=\"async\" src=\"https:\/\/love-simply.com\/wp-content\/uploads\/2026\/02\/Capture-decran-2026-01-24-a-17.31.56.png\" alt=\"\" \/>\n    <\/figure>\n    <p class=\"has-custom-fond-2-color has-text-color has-link-color\">Profitez du moment<\/p>\n  <\/div>\n\n<\/div>\n<\/div>\n\n\n\n<div class=\"wp-block-group alignfull has-global-padding is-layout-constrained wp-container-core-group-is-layout-f1277ed1 wp-block-group-is-layout-constrained has-background\" style=\"padding-top:0;padding-right:var(--wp--preset--spacing--30);padding-bottom:0;padding-left:var(--wp--preset--spacing--30);background-image:url(&apos;https:\/\/love-simply.com\/wp-content\/uploads\/2026\/02\/Photoallee.png&apos;);background-size:cover;\">\n<div class=\"wp-block-group is-content-justification-center is-nowrap is-layout-flex wp-container-core-group-is-layout-c0b7569f wp-block-group-is-layout-flex\" style=\"padding-top:var(--wp--preset--spacing--20);padding-bottom:var(--wp--preset--spacing--20)\">\n<p class=\"has-custom-text-d-fau-color has-text-color has-link-color has-signatura-monoline-script-font-family wp-elements-00543b8dfee5554cca8e91b8afee5d7a\" style=\"font-size:clamp(3.037rem, 3.037rem + ((1vw - 0.2rem) * 6.972), 6rem);\">Et si notre histoire commen\u00e7ait ici?<\/p>\n<\/div>\n\n\n\n<div class=\"wp-block-group is-content-justification-center is-nowrap is-layout-flex wp-container-core-group-is-layout-c0b7569f wp-block-group-is-layout-flex\" style=\"padding-top:var(--wp--preset--spacing--20);padding-bottom:var(--wp--preset--spacing--20)\">\n<div class=\"wp-block-buttons is-layout-flex wp-block-buttons-is-layout-flex\">\n<div class=\"wp-block-button is-style-fill\"><a class=\"wp-block-button__link has-custom-fond-d-faut-color has-custom-text-d-fau-background-color has-text-color has-background has-link-color has-comfortaa-font-family has-medium-font-size has-custom-font-size wp-element-button\" href=\"https:\/\/love-simply.com\/?page_id=70\">Contactez-moi<\/a><\/div>\n<\/div>\n<\/div>\n<\/div>\n\n","protected":false},"excerpt":{"rendered":"<p>&#8220;Je serai ravie de vous accompagner dans la cr\u00e9ation, l&#8217;organisation et la d\u00e9coration de votre \u00e9v\u00e9nement qu&#8217;il s&#8217;agisse d&#8217;un mariage, un \u00e9v\u00e9nement familial ou professionnel, une inauguration ou un team building.&#8221; Donner vie \u00e0 vos envies Gain de temps et d&#8217;\u00e9nergie Cr\u00e9ation d&#8217;une sc\u00e9nographie Profitez du moment<\/p>\n","protected":false},"author":1,"featured_media":0,"parent":0,"menu_order":0,"comment_status":"closed","ping_status":"closed","template":"","meta":{"footnotes":""},"class_list":["post-18","page","type-page","status-publish","hentry"],"jetpack_sharing_enabled":true,"_links":{"self":[{"href":"https:\/\/love-simply.com\/index.php?rest_route=\/wp\/v2\/pages\/18","targetHints":{"allow":["GET"]}}],"collection":[{"href":"https:\/\/love-simply.com\/index.php?rest_route=\/wp\/v2\/pages"}],"about":[{"href":"https:\/\/love-simply.com\/index.php?rest_route=\/wp\/v2\/types\/page"}],"author":[{"embeddable":true,"href":"https:\/\/love-simply.com\/index.php?rest_route=\/wp\/v2\/users\/1"}],"replies":[{"embeddable":true,"href":"https:\/\/love-simply.com\/index.php?rest_route=%2Fwp%2Fv2%2Fcomments&post=18"}],"version-history":[{"count":123,"href":"https:\/\/love-simply.com\/index.php?rest_route=\/wp\/v2\/pages\/18\/revisions"}],"predecessor-version":[{"id":1045,"href":"https:\/\/love-simply.com\/index.php?rest_route=\/wp\/v2\/pages\/18\/revisions\/1045"}],"wp:attachment":[{"href":"https:\/\/love-simply.com\/index.php?rest_route=%2Fwp%2Fv2%2Fmedia&parent=18"}],"curies":[{"name":"wp","href":"https:\/\/api.w.org\/{rel}","templated":true}]}}