{"id":147,"date":"2025-10-12T22:19:33","date_gmt":"2025-10-12T20:19:33","guid":{"rendered":"https:\/\/love-simply.com\/?page_id=147"},"modified":"2026-02-16T14:42:53","modified_gmt":"2026-02-16T13:42:53","slug":"conseils-organisationnels","status":"publish","type":"page","link":"https:\/\/love-simply.com\/?page_id=147","title":{"rendered":"Ev\u00e9nement"},"content":{"rendered":"\n<div class=\"wp-block-group alignfull has-global-padding is-layout-constrained wp-container-core-group-is-layout-23b1a4dc wp-block-group-is-layout-constrained has-background\" style=\"padding-top:var(--wp--preset--spacing--30);padding-right:var(--wp--preset--spacing--30);padding-bottom:var(--wp--preset--spacing--30);padding-left:var(--wp--preset--spacing--30);background-image:url(&apos;https:\/\/love-simply.com\/wp-content\/uploads\/2026\/02\/Fond-de-couverture-e1771235803746.png&apos;);background-position:56.00000000000001% 59%;background-size:cover;\">\n<div class=\"wp-block-group is-content-justification-center is-nowrap is-layout-flex wp-container-core-group-is-layout-8b102c37 wp-block-group-is-layout-flex\" style=\"padding-top:var(--wp--preset--spacing--80);padding-bottom:var(--wp--preset--spacing--80)\">\n<p class=\"has-custom-text-d-fau-color has-text-color has-link-color has-signatura-monoline-script-font-family wp-elements-61b7a75e8bc45bd4168e19b1c5cbc427\" style=\"font-size:clamp(3.8rem, 3.8rem + ((1vw - 0.2rem) * 9.882), 8rem);\">Ev\u00e8nement<\/p>\n<\/div>\n<\/div>\n\n\n\n<div class=\"wp-block-media-text is-stacked-on-mobile\" style=\"grid-template-columns:34% auto\"><figure class=\"wp-block-media-text__media\"><img loading=\"lazy\" decoding=\"async\" width=\"1024\" height=\"985\" src=\"https:\/\/love-simply.com\/wp-content\/uploads\/2026\/02\/Anniversaire2-1024x985.png\" alt=\"\" class=\"wp-image-991 size-full\" srcset=\"https:\/\/love-simply.com\/wp-content\/uploads\/2026\/02\/Anniversaire2-1024x985.png 1024w, https:\/\/love-simply.com\/wp-content\/uploads\/2026\/02\/Anniversaire2-300x288.png 300w, https:\/\/love-simply.com\/wp-content\/uploads\/2026\/02\/Anniversaire2-768x739.png 768w, https:\/\/love-simply.com\/wp-content\/uploads\/2026\/02\/Anniversaire2.png 1303w\" sizes=\"auto, (max-width: 1024px) 100vw, 1024px\" \/><\/figure><div class=\"wp-block-media-text__content\">\n<div class=\"wp-block-group is-vertical is-layout-flex wp-container-core-group-is-layout-fe9cc265 wp-block-group-is-layout-flex\">\n<p class=\"has-custom-text-d-fau-color has-text-color has-link-color has-comfortaa-font-family has-x-large-font-size wp-elements-280e302a2a244ddf6a01d36014862a59\">Anniversaire, r\u00e9ception familiale<\/p>\n\n\n\n<p class=\"has-custom-text-d-fau-color has-text-color has-link-color has-louis-george-cafe-font-family wp-elements-82605961db25f2f7bf2f5cd902773758\">Parce que les plus beaux souvenirs se cr\u00e9ent aussi en famille, j\u2019imagine et organise des anniversaires et r\u00e9ceptions familiales sur-mesure.<\/p>\n\n\n\n<p class=\"has-custom-text-d-fau-color has-text-color has-link-color wp-elements-9b90fe9bc53d10df534de46b65d482fc\">Qu\u2019il s\u2019agisse d\u2019un anniversaire marquant, d\u2019une f\u00eate interg\u00e9n\u00e9rationnelle, d\u2019un bapt\u00eame, d\u2019une cousinade ou d\u2019un moment simplement pr\u00e9cieux \u00e0 c\u00e9l\u00e9brer, je vous accompagne \u00e0 chaque \u00e9tape.<\/p>\n\n\n\n<p class=\"has-custom-fond-2-color has-text-color has-link-color has-signatura-monoline-script-font-family has-x-large-font-size wp-elements-f3d69ca29593cc3e8e6244dd82252d97\">Chaque \u00e9v\u00e9nement est imagin\u00e9 avec soin, dans le respect de vos envies, de votre histoire et de vos valeurs. Vous profitez, je m\u2019occupe du reste.<\/p>\n\n\n\n<p class=\"has-custom-text-d-fau-color has-text-color has-link-color has-louis-george-cafe-font-family wp-elements-6fe348e280d91205c198c3f2559706ef\">Mon offre comprend la conception, l\u2019organisation, la d\u00e9coration et la coordination de l\u2019\u00e9v\u00e8nement.<\/p>\n\n\n\n<p class=\"has-custom-text-d-fau-color has-text-color has-link-color has-louis-george-cafe-font-family has-large-font-size wp-elements-bbe5d2567814a8f5ab005d788ac8e742\" style=\"font-style:normal;font-weight:700\">Cette prestation d\u00e9bute \u00e0 600 \u20ac.<\/p>\n<\/div>\n<\/div><\/div>\n\n\n\n<div class=\"wp-block-media-text has-media-on-the-right is-stacked-on-mobile\" style=\"grid-template-columns:auto 39%\"><div class=\"wp-block-media-text__content\">\n<div class=\"wp-block-group is-vertical is-layout-flex wp-container-core-group-is-layout-fe9cc265 wp-block-group-is-layout-flex\">\n<p class=\"has-custom-text-d-fau-color has-text-color has-link-color has-comfortaa-font-family has-x-large-font-size wp-elements-35437d91f2c3f90a10611f862f9bdad4\">Babyshower, Gender reveal, Bapt\u00e8me<\/p>\n\n\n\n<p class=\"has-custom-text-d-fau-color has-text-color has-link-color has-louis-george-cafe-font-family wp-elements-c2e6a95942584bcbd5714e62059d4f84\">C\u00e9l\u00e9brer une naissance, une attente, une premi\u00e8re \u00e9tape de vie\u2026<\/p>\n\n\n\n<p class=\"has-custom-text-d-fau-color has-text-color has-link-color wp-elements-6101f76b76a0756e372c7fe9378ea040\">J\u2019imagine et organise votre \u00e9v\u00e9nement pour cr\u00e9er des souvenirs pr\u00e9cieux avec votre famille et vos proches.<\/p>\n\n\n\n<p class=\"has-custom-text-d-fau-color has-text-color has-link-color has-louis-george-cafe-font-family wp-elements-ef81ef1405e50a6359ee867741630bd9\">Chaque \u00e9v\u00e9nement est con\u00e7u dans le respect de votre histoire, de vos envies et de vos valeurs. De la cr\u00e9ation \u00e0 la coordination, en passant par la d\u00e9coration et le choix de prestataires de confiance, je vous accompagne avec bienveillance et professionnalisme.<\/p>\n\n\n\n<p class=\"has-custom-text-d-fau-color has-text-color has-link-color has-louis-george-cafe-font-family wp-elements-d81b4b95c43191dbb15b200d3cc1d831\">Mon approche privil\u00e9gie la douceur, l\u2019harmonie et le sens du d\u00e9tail et \u00e0 une organisation fluide, pour vous permettre de vivre pleinement ces instants uniques, en toute s\u00e9r\u00e9nit\u00e9.<\/p>\n\n\n\n<p class=\"has-custom-fond-2-color has-text-color has-link-color has-signatura-monoline-script-font-family has-x-large-font-size wp-elements-471aab7072bd22f348cf6fd26960eed5\">Des moments tendres, sinc\u00e8res et inoubliables, pens\u00e9s pour c\u00e9l\u00e9brer la vie.<\/p>\n\n\n\n<p class=\"has-custom-text-d-fau-color has-text-color has-link-color has-louis-george-cafe-font-family has-large-font-size wp-elements-bbe5d2567814a8f5ab005d788ac8e742\" style=\"font-style:normal;font-weight:700\">Cette prestation d\u00e9bute \u00e0 600 \u20ac.<\/p>\n<\/div>\n<\/div><figure class=\"wp-block-media-text__media\"><img loading=\"lazy\" decoding=\"async\" width=\"1024\" height=\"926\" src=\"https:\/\/love-simply.com\/wp-content\/uploads\/2026\/02\/Babyshower2-1024x926.png\" alt=\"\" class=\"wp-image-992 size-full\" srcset=\"https:\/\/love-simply.com\/wp-content\/uploads\/2026\/02\/Babyshower2-1024x926.png 1024w, https:\/\/love-simply.com\/wp-content\/uploads\/2026\/02\/Babyshower2-300x271.png 300w, https:\/\/love-simply.com\/wp-content\/uploads\/2026\/02\/Babyshower2-768x694.png 768w, https:\/\/love-simply.com\/wp-content\/uploads\/2026\/02\/Babyshower2.png 1303w\" sizes=\"auto, (max-width: 1024px) 100vw, 1024px\" \/><\/figure><\/div>\n","protected":false},"excerpt":{"rendered":"<p>Ev\u00e8nement<\/p>\n","protected":false},"author":1,"featured_media":0,"parent":63,"menu_order":0,"comment_status":"closed","ping_status":"closed","template":"","meta":{"footnotes":""},"class_list":["post-147","page","type-page","status-publish","hentry"],"jetpack_sharing_enabled":true,"_links":{"self":[{"href":"https:\/\/love-simply.com\/index.php?rest_route=\/wp\/v2\/pages\/147","targetHints":{"allow":["GET"]}}],"collection":[{"href":"https:\/\/love-simply.com\/index.php?rest_route=\/wp\/v2\/pages"}],"about":[{"href":"https:\/\/love-simply.com\/index.php?rest_route=\/wp\/v2\/types\/page"}],"author":[{"embeddable":true,"href":"https:\/\/love-simply.com\/index.php?rest_route=\/wp\/v2\/users\/1"}],"replies":[{"embeddable":true,"href":"https:\/\/love-simply.com\/index.php?rest_route=%2Fwp%2Fv2%2Fcomments&post=147"}],"version-history":[{"count":21,"href":"https:\/\/love-simply.com\/index.php?rest_route=\/wp\/v2\/pages\/147\/revisions"}],"predecessor-version":[{"id":1028,"href":"https:\/\/love-simply.com\/index.php?rest_route=\/wp\/v2\/pages\/147\/revisions\/1028"}],"up":[{"embeddable":true,"href":"https:\/\/love-simply.com\/index.php?rest_route=\/wp\/v2\/pages\/63"}],"wp:attachment":[{"href":"https:\/\/love-simply.com\/index.php?rest_route=%2Fwp%2Fv2%2Fmedia&parent=147"}],"curies":[{"name":"wp","href":"https:\/\/api.w.org\/{rel}","templated":true}]}}